osite number?
False
Is 1073107423 composite?
True
Is 1191648869 a composite number?
False
Is 49034217413 prime?
False
Is 2178899171 a prime number?
True
Is 51061256177 composite?
False
Is 166291 composite?
True
Is 658867633 a composite number?
False
Is 262858759 a prime number?
False
Is 527612389 prime?
True
Is 23476047247 a composite number?
False
Is 3921403363 composite?
True
Is 4353728983 prime?
False
Is 3956957665 a composite number?
True
Is 45581849353 a prime number?
True
Is 229162297511 prime?
False
Is 2153681638 a composite number?
True
Is 572434607 composite?
True
Is 114961739077 a composite number?
True
Is 66000707 a composite number?
True
Is 796637701 composite?
True
Is 5869685011 prime?
True
Is 8252277013 a composite number?
True
Is 938106487 a prime number?
True
Is 245679839 a composite number?
False
Is 25898311613 prime?
True
Is 757162397 a prime number?
True
Is 9932205359 prime?
True
Is 883116181 composite?
True
Is 657183763 composite?
True
Is 84316034981 prime?
False
Is 1315143073 a prime number?
False
Is 3503976151 a prime number?
False
Is 4267315901 prime?
True
Is 235342203461 a composite number?
False
Is 12716931473 a prime number?
True
Is 47810887387 a prime number?
True
Is 2630811803 composite?
False
Is 57506197081 a composite number?
True
Is 12259081033 prime?
True
Is 52772943269 a composite number?
False
Is 3336125491 a composite number?
False
Is 1131719741 a prime number?
False
Is 1413572327 prime?
False
Is 8358332207 composite?
True
Is 188681753903 a prime number?
True
Is 425385107 composite?
True
Is 5669146133 a prime number?
False
Is 2333371699 composite?
False
Is 5561713253 a composite number?
False
Is 4812963117 composite?
True
Is 8722847131 composite?
False
Is 15392254859 a prime number?
False
Is 19856712397 prime?
True
Is 520579777 composite?
False
Is 4537611926 a composite number?
True
Is 46395331369 composite?
False
Is 2492368157 a prime number?
True
Is 119486137 prime?
True
Is 1687323437 a composite number?
False
Is 63902813971 a prime number?
True
Is 103238123 a composite number?
True
Is 240223283 a prime number?
False
Is 27829351151 a prime number?
False
Is 39142194907 a prime number?
True
Is 1790374903 a prime number?
False
Is 2153820049 a composite number?
True
Is 14686769107 prime?
True
Is 248193892439 a composite number?
True
Is 6162316669 a prime number?
False
Is 2050415399 composite?
True
Is 53257253281 a prime number?
True
Is 152760389 a composite number?
False
Is 1827211009 a prime number?
False
Is 19468742717 a composite number?
True
Is 1550891851 a prime number?
False
Is 922636487 a prime number?
True
Is 43455531857 a prime number?
False
Is 212948111513 a composite number?
False
Is 249839111017 composite?
False
Is 2087600839 prime?
True
Is 631993853 composite?
True
Is 1319119769 composite?
True
Is 4528849349 a prime number?
True
Is 12551306111 prime?
False
Is 2428600787 prime?
True
Is 5049918457 prime?
True
Is 596424811 a prime number?
False
Is 2090064302 composite?
True
Is 9784323181 a prime number?
True
Is 1907562971 prime?
False
Is 79338227 a prime number?
False
Is 2204668355 prime?
False
Is 18309787259 prime?
True
Is 1186335493 a composite number?
True
Is 1993017871 prime?
False
Is 171589169 a composite number?
True
Is 1271188561 a prime number?
True
Is 17810826314 a prime number?
False
Is 10474211939 a prime number?
False
Is 35747047537 a prime number?
True
Is 9563183177 prime?
True
Is 125018379641 composite?
True
Is 22685944163 prime?
True
Is 216985129 prime?
False
Is 5023630649 a prime number?
False
Is 4301109023 a composite number?
True
Is 89517104341 prime?
False
Is 1829673863 a composite number?
False
Is 4782818687 prime?
True
Is 216158651 a composite number?
False
Is 13428460127 prime?
True
Is 183684379 prime?
False
Is 6619764743 a composite number?
False
Is 39929569769 a composite number?
False
Is 444928954 composite?
True
Is 64579000091 composite?
True
Is 1099945829 a composite number?
False
Is 1094443177 a prime number?
True
Is 31820679019 a prime number?
True
Is 11432869559 a composite number?
False
Is 1884364621 prime?
True
Is 257422951 a prime number?
True
Is 2721755089 a prime number?
True
Is 4113803599 composite?
True
Is 1739639227 a prime number?
True
Is 26678017799 a composite number?
False
Is 986164141 a prime number?
True
Is 1118996707 composite?
True
Is 1754727946 prime?
False
Is 37577539 a composite number?
True
Is 370388969 a composite number?
False
Is 17999774417 prime?
True
Is 39098664763 composite?
False
Is 691493909 prime?
True
Is 6356047781 prime?
False
Is 652014733 composite?
False
Is 98313456293 composite?
True
Is 765246829 composite?
False
Is 3868986223 prime?
False
Is 68999334941 a composite number?
True
Is 49425575461 a composite number?
False
Is 8989972619 composite?
False
Is 837988579 a prime number?
True
Is 1260633251 prime?
True
Is 5231795131 prime?
False
Is 27228391 composite?
True
Is 13138662851 a prime number?
False
Is 20971778899 a composite number?
True
Is 3340471127 composite?
True
Is 2735133169 a composite number?
True
Is 19945845323 a composite number?
True
Is 87931366771 a composite number?
True
Is 179097851861 prime?
True
Is 48721505251 a composite number?
False
Is 103631477 prime?
False
Is 160993379643 a prime number?
False
Is 61484473159 a prime number?
True
Is 3920438933 composite?
True
Is 62224681 prime?
False
Is 103562961959 a prime number?
True
Is 473890121 a composite number?
True
Is 52251915193 prime?
True
Is 217735781 a composite number?
True
Is 13115232061 a prime number?
True
Is 218349793 composite?
True
Is 94060162577 composite?
False
Is 1631351327 composite?
True
Is 2279397319 prime?
True
Is 81143094469 a prime number?
True
Is 2852862983 a composite number?
True
Is 3031567783 prime?
True
Is 88848337037 a composite number?
False
Is 465943663 composite?
True
Is 1101988493 a composite number?
False
Is 2163686293 a prime number?
True
Is 177928067 a composite number?
True
Is 9868022237 a composite number?
False
Is 415134353 prime?
False
Is 252976705 a prime number?
False
Is 1525028357 composite?
False
Is 1678247869 a composite number?
False
Is 8461131485 prime?
False
Is 274417793 a composite number?
True
Is 10630741553 a composite number?
False
Is 5626640237 prime?
True
Is 371315533 composite?
False
Is 31638114307 a prime number?
True
Is 3523302023 a prime number?
False
Is 200308939 composite?
False
Is 671556511 a prime number?
False
Is 15243253943 composite?
True
Is 25108905389 a composite number?
False
Is 137839409 prime?
True
Is 3520838158 a prime number?
False
Is 266860343 composite?
True
Is 2144056973 a prime number?
True
Is 588501979 a composite number?
True
Is 3281022413 a composite number?
False
Is 234035029 prime?
True
Is 240644733101 a prime number?
False
Is 88896229 a composite number?
False
Is 7378061419 a composite number?
True
Is 5288851741 a prime number?
False
Is 198458395151 a prime number?
True
Is 79358441 a prime number?
False
Is 112011111551 prime?
True
Is 8607499535 a composite number?
True
Is 772535847 a composite number?
True
Is 248084644609 composite?
False
Is 673558733 a composite number?
False
Is 63561413351 prime?
False
Is 406663049 a composite number?
True
Is 30787907419 a prime number?
False
Is 2618282209 composite?
False
Is 434454029 a prime number?
False
Is 39278351837 a prime number?
True
Is 109866067313 a prime number?
True
Is 281051033 a composite number?
False
Is 21974002405 composite?
True
Is 433335997 prime?
False
Is 15781430711 prime?
True
Is 7369291483 composite?
False
Is 928019161 a composite number?
False
Is 192189142877 a composite number?
False
Is 3455999909 prime?
False
Is 3877159177 a prime number?
True
Is 878477681 a prime number?
True
Is 13277894543 prime?
True
Is 15368295419 prime?
True
Is 825275543 a prime number?
False
Is 27193675163 a composite number?
True
Is 302497903 a prime number?
False
Is 1141589381 a prime number?
False
Is 280997069 a prime number?
False
Is 4811220919 a composite number?
False
Is 2413797103 composite?
False
Is 2056734403 prime?
True
Is 41370334403 a composite number?
True
Is 14745794641 a composite number?
False
Is 1236864571 a composite number?
True
Is 256924799 a composite number?
False
Is 21277590293 prime?
True
Is 26865767891 a composite number?
False
Is 9114